ose z*i - 25 = -i. Calculate the greatest common factor of 75 and i.
25
Suppose 3*t = -704 - 598. Suppose -15*s = -x - 20*s - 15, 5*x + 5*s - 25 = 0. Let k be t/(-35) - 4/x. Calculate the highest common divisor of 6 and k.
6
Let d be ((-12)/32 - 0) + (-22)/(-16). Suppose -2*q = -3*y - 7, -3*y = -8*y + 5*q - 20. What is the greatest common divisor of y and d?
1
Let u = 1489 + -1484. Let d = 1 - 1. Let s be (1 + d)*5*8. Calculate the highest common factor of s and u.
5
Let j(m) = 5*m + 48. Let t be j(-9). Suppose -2*u + 30 = -4*v, t*u - 5*v + 11 = 59. Calculate the greatest common factor of u and 231.
21
Let u = 187 + -151. What is the highest common divisor of 180 and u?
36
Let q(a) = 112*a**2 + 9*a - 1. Let g be q(-7). Let v be g/120 + (-4)/(-5). Calculate the greatest common factor of v and 69.
23
Suppose 145 = 36*o - 31*o - m, -4*o - 2*m = -130. Let i(y) = -20*y + 10. Let r be i(-7). What is the greatest common factor of o and r?
30
Let b(o) = -30*o + 97. Let x be b(-19). What is the highest common divisor of 58 and x?
29
Let t = 3 - -751. What is the greatest common divisor of t and 52?
26
Let d = 2571 - 2503. What is the greatest common factor of 289 and d?
17
Suppose 5*t - z - 1805 = 0, -3*z - 210 = -t + 165. Suppose 10*j + t = 4*j. Let d be (j/(-14))/((-3)/(-21)). Calculate the highest common factor of 150 and d.
30
Let k = 2107 - 628. What is the greatest common divisor of 51 and k?
51
Suppose -14 = -f - 2. Let i be -2 + (-2 - -3) - (51 + -2). Let y = -46 - i. What is the highest common divisor of f and y?
4
Let k be (-15)/6*(-7 - -3). Let f be 5/((-1)/(-2 - -1)). Let z be 12/f*k/4. What is the highest common factor of 15 and z?
3
Let a(t) = -t**3 + 3*t**2 + 9*t - 11. Let w be a(-5). What is the greatest common divisor of w and 12?
12
Let s(i) = -i**2 + 2*i - 2. Let t be s(1). Let y be 3/t + 38 - 2. Calculate the greatest common divisor of 22 and y.
11
Let j = -79 + 90. Let g = j + 41. Calculate the greatest common divisor of 13 and g.
13
Let x be (269 + 1)/(34 - 33). What is the highest common factor of x and 10?
10
Suppose 4*y + 195 = -25. Suppose -2*w + 390 = 4*g, 4*g - 331 - 74 = w. Let a be (-11)/(y/g) - -4. What is the highest common divisor of 48 and a?
24
Suppose 2*c = 4*c - 66. Suppose -2*d - i + 38 = 3*i, -2*d + c = 5*i. Suppose -2*f + d = -21. What is the highest common divisor of 25 and f?
25
Suppose s - 10 = 2*z, -2*s - s + 28 = -4*z. Calculate the highest common factor of 8 and s.
8
Let c(k) = 2*k**2 + 17*k + 15. Let t be c(-8). Calculate the highest common factor of 133 and t.
7
Let h(l) = 5*l**2 + 2*l - 12. Let f be h(5). Suppose 838 - f = 5*m. Calculate the highest common divisor of m and 13.
13
Suppose 5*i - 24 = -2*v, v = i + 4*i + 42. Calculate the greatest common divisor of v and 1782.
22
Suppose -12 = -2*x + 108. Let p = 30 + x. Let w be 204/21 + (-2)/(-7). Calculate the highest common factor of p and w.
10
Let b be (2 - 2)/(3/((-15)/(-5))). Let t be (-8 - -3)*8/(-10). Suppose b*q + t*q = 24. Calculate the highest common divisor of q and 30.
6
Let i be -2 - -117 - 24/8. Let t(r) = r + 5. Let l = -28 - -39. Let h be t(l). Calculate the highest common factor of i and h.
16
Let r be 2/4*(-1 - -1)/3. Let t = r - -33. What is the greatest common factor of t and 11?
11
Suppose -17*h + 55 = -6*h. Suppose 2*b + 2*b = h*c + 105, -5*b + 3*c + 128 = 0. Calculate the highest common factor of 25 and b.
25
Let j be 3 + (1 - 16*-1). Suppose 3*q - 21 = 2*h + j, 0 = -q - 4*h + 9. What is the highest common factor of 143 and q?
13
Let w = 35 + -84. Let a = w - -60. Calculate the highest common divisor of 99 and a.
11
Suppose 0 = o + 3*u - 159, 4*o = 3*u - 2*u + 675. Suppose 0 = -b - 6*b + o. Let h be 2 - 0 - 238/(-1). What is the greatest common divisor of b and h?
24
Let t be 0*1/(-4) + 45. Calculate the highest common factor of t and 72.
9
Suppose 3*c + 968 = 5*z + 5*c, -z + 172 = -5*c. Calculate the greatest common divisor of 80 and z.
16
Let k be 6/(-5)*((-266)/28 + 2). Calculate the highest common factor of 927 and k.
9
Let l be (0 - 3)*6/(-2). Let j be -2 + (-72)/16*(-8)/(-6). Let p be (-3)/(-4) + (-642)/j. What is the greatest common factor of l and p?
9
Let l(z) = 7*z - 64. Let q be l(14). Calculate the greatest common divisor of q and 102.
34
Suppose -28*o + 24*o - 20 = 0. Let t = 20 + o. Let x = -6 + 12. What is the highest common divisor of x and t?
3
Suppose -6*u = -2*u - 44. Suppose -41 + u = -2*z. Suppose -4*c + 75 = c. Calculate the highest common factor of c and z.
15
Let u be -2*78/(-36)*3. Calculate the highest common factor of u and 299.
13
Suppose 0*q + 75 = -5*q. Let z = 22 + q. Calculate the greatest common factor of z and 77.
7
Let k(s) = 3*s**2 - 104*s + 132. Let v be k(34). Calculate the greatest common factor of 52 and v.
4
Suppose -1278 = -10*x + 1022. Calculate the greatest common divisor of x and 10.
10
Suppose 9*u = -126 + 774. What is the highest common divisor of u and 8?
8
Suppose -7*z + 21*z - 4480 = 0. Suppose -6*o - 68 = -z. Let c be 2/(-5) + (-951)/(-15). What is the highest common divisor of o and c?
21
Let u be -145*1*(-24)/12. What is the highest common divisor of u and 58?
58
Suppose -10*d = -2*d - 24. Suppose d*p = 2*o + 22, p - 13 = -p + o. Calculate the highest common divisor of 6 and p.
2
Suppose -7*t + 2838 = -4*t. Let l be t/77 + 2/(-7). What is the highest common factor of 18 and l?
6
Let q(u) = 2*u + 33. Let i be q(15). Calculate the highest common divisor of 525 and i.
21
Suppose 38*w + 2464 = 49*w. What is the greatest common factor of w and 238?
14
Suppose -4*h = -2*k + 60, 5*h + 1 + 4 = 0. Suppose -4*m - 12 = -5*m. Let d = m + -8. What is the highest common divisor of k and d?
4
Let f = -21 + 29. Let x be 366/f + (-6)/8. Suppose n = 2*l + 12, -5*n - 3*l + 96 = -l. What is the highest common divisor of x and n?
9
Suppose -228 = b - 313. What is the highest common factor of b and 5?
5
Suppose 0 = n - 2*c - 2371, c + 18509 = 5*n + 6645. What is the greatest common divisor of n and 42?
21
Let x be 5/15*(160 - -2). What is the greatest common factor of x and 3?
3
Let n be (-3120)/(-18)*3/2 + 4. What is the greatest common divisor of n and 1716?
132
Let g be (0 + -7)*(-106)/14. Let z = 15 + g. Calculate the highest common divisor of z and 17.
17
Let n be ((-3)/9)/((-3)/9). Let g be (-31)/2*-10*n. Let x = -89 + g. What is the greatest common divisor of 6 and x?
6
Let l be 9616/120 - (-4)/(-30). Suppose 3*z = 5*z + l. Let i = z - -58. What is the highest common divisor of 18 and i?
18
Let z(q) = q - 29. Let g be z(-13). Let d = -6 - g. Calculate the greatest common divisor of d and 216.
36
Suppose 5*d - 3*u - 912 = 0, 4*d + u + 140 = 856. Calculate the highest common divisor of d and 48.
12
Let a = -9 - -16. Let y = -5 - -9. Suppose y*b + 4 = 60. Calculate the greatest common factor of b and a.
7
Let f = 15 - 11. Suppose 4*j - f*l = 40, 0 = -4*j + l + 27 + 16. Calculate the greatest common divisor of 66 and j.
11
Let f(x) = -x**3 + x**2 - 22*x - 139. Let y be f(-7). What is the highest common divisor of y and 22?
11
Let o = 754 - 730. Calculate the greatest common divisor of 888 and o.
24
Let q(i) = 3*i - 5. Let b be q(6). What is the greatest common divisor of 169 and b?
13
Suppose 0 = i + 4 + 1, -i = 5*s + 280. Let d = s - -97. Calculate the greatest common factor of d and 28.
14
Let d(c) = c - 5. Let h be d(9). Suppose -4*y - h*b - 16 = 0, 4*y + 9 = -3*b + 6*b. Let l be (y*1)/(15/(-490)). What is the highest common factor of 14 and l?
14
Suppose 2*g + 14 + 2 = 0. Let u be 4/g*1*-26. Let d = 14 + u. What is the greatest common factor of 243 and d?
27
Suppose 2*k + 208 = 3*m - 361, -792 = -4*m - 4*k. Let v = m - 123. What is the highest common factor of 28 and v?
14
Let r(z) = -z**2 + 9*z. Let g be r(7). Let p be 122/g - (-10)/35. Let j(f) = -f + 20. Let n be j(11). What is the greatest common factor of n and p?
9
Suppose 0 = -5*h + 4*h + 6. Let k be (-7)/(-21)*0 - (-3 - 1). Calculate the highest common divisor of h and k.
2
Let a = -1504 + 1554. What is the highest common divisor of a and 1050?
50
Suppose 32*o = 27*o + 60. Let w be (-4)/o*-6 + 15. What is the highest common divisor of 170 and w?
17
Suppose -8*w + 3*w = 4*q - 1312, -4*q + 1572 = 6*w. What is the highest common divis